+ -1?
-115
In base 9, what is 541 - 6?
534
In base 5, what is -4 + 31?
22
In base 8, what is -120 - 1?
-121
In base 4, what is 2 + -102?
-100
In base 8, what is 4 - 2226?
-2222
In base 4, what is 1 + 100?
101
In base 16, what is -2757 - -4?
-2753
In base 8, what is 1 - -63?
64
In base 3, what is -11 + -2220?
-10001
In base 5, what is -12 + -30?
-42
In base 11, what is -1 - 326?
-327
In base 15, what is -4 + 1?
-3
In base 10, what is 196 - 3?
193
In base 7, what is 1 + -264?
-263
In base 9, what is 1 + 415?
416
In base 6, what is 300 + 2?
302
In base 5, what is 3 - -23124?
23132
In base 3, what is -21 + -10102?
-10200
In base 16, what is -2 + 1?
-1
In base 5, what is -2 + -2210?
-2212
In base 14, what is 186 + -5?
181
In base 16, what is 29c - 5?
297
In base 13, what is -2 + 92?
90
In base 4, what is -13 - 131?
-210
In base 12, what is 0 - -152?
152
In base 9, what is -645 - 3?
-648
In base 3, what is -22020 - -12?
-22001
In base 4, what is -300 - 3?
-303
In base 14, what is 8c - 52?
3a
In base 3, what is 1 + 1211?
1212
In base 16, what is -6f7f - 4?
-6f83
In base 8, what is -6 + 10?
2
In base 11, what is -3 + 845?
842
In base 7, what is -25 + -3?
-31
In base 3, what is 1 - -2022110?
2022111
In base 16, what is e - 21?
-13
In base 8, what is 147 - -4?
153
In base 14, what is -2 + 40?
3c
In base 2, what is 10110110001 + -11?
10110101110
In base 12, what is 3 - -52?
55
In base 8, what is -211 - 36?
-247
In base 16, what is 2d9 + 4?
2dd
In base 5, what is -2 - 10042?
-10044
In base 5, what is 0 - -332?
332
In base 7, what is 5 - -260?
265
In base 6, what is 4 - -125?
133
In base 7, what is -35 + 10?
-25
In base 15, what is 0 - -13?
13
In base 2, what is 1000100101101 + -10?
1000100101011
In base 14, what is 3 + -1c?
-19
In base 3, what is 2001 + -20?
1211
In base 12, what is 3 + 964?
967
In base 16, what is 77 - -16?
8d
In base 16, what is 1 + 6?
7
In base 4, what is 210233 - -1?
210300
In base 16, what is 8e + -1?
8d
In base 11, what is -5 - -930?
926
In base 13, what is 81 - 67?
17
In base 2, what is -1100 - 1101?
-11001
In base 12, what is -1 + 93?
92
In base 16, what is d9 + -22?
b7
In base 3, what is -1 - -1211022?
1211021
In base 15, what is 26da - -2?
26dc
In base 7, what is -2 + -2223?
-2225
In base 10, what is -162 - -4?
-158
In base 7, what is 0 + 244?
244
In base 14, what is -1 - -c6?
c5
In base 11, what is -6 - -1a?
14
In base 11, what is -3 - -716?
713
In base 4, what is 3 - -21100?
21103
In base 15, what is -2a9 - -5?
-2a4
In base 2, what is -1010101 + -100?
-1011001
In base 6, what is -30321 + 0?
-30321
In base 13, what is 79 - -12?
8b
In base 5, what is -24243 - -2?
-24241
In base 15, what is -1 - -11a4?
11a3
In base 10, what is -19 - 113?
-132
In base 14, what is 3 + -174?
-171
In base 5, what is 1 + -2202?
-2201
In base 10, what is 70 + 3?
73
In base 10, what is -6 - 22?
-28
In base 13, what is 5 - 4a?
-45
In base 13, what is 19 - -5?
21
In base 8, what is 1773 + 2?
1775
In base 3, what is 20 - 1122?
-1102
In base 6, what is -224 - -12?
-212
In base 6, what is -2 + 14?
12
In base 14, what is -9 + 2dd?
2d4
In base 10, what is -1 + -405?
-406
In base 11, what is 2408 + -5?
2403
In base 14, what is 200 + 3b?
23b
In base 9, what is -2 - -550?
547
In base 12, what is -8 + b84?
b78
In base 4, what is 223 + -10?
213
In base 7, what is -41 + 10?
-31
In base 4, what is 1001 - 10?
331
In base 16, what is 8ab - -5?
8b0
In base 3, what is 111120 - 10?
111110
In base 10, what is 1 + -100?
-99
In base 14, what is -a - 18d?
-199
In base 13, what is 2 - 26a?
-268
In base 5, what is 11 + 1042?
1103
In base 9, what is -1 - 2258?
-2260
In base 3, what is 21222 - -1?
22000
In base 4, what is -30013 - 30?
-30103
In base 10, what is -4 - -886?
882
In base 2, what is 1 + 1110010?
1110011
In base 16, what is 62 + 2?
64
In base 11, what is 40 - -58?
98
In base 13, what is -1 - -2c?
2b
In base 11, what is -114 + -1?
-115
In base 4, what is -111 - 3?
-120
In base 5, what is -1030424 - -1?
-1030423
In base 16, what is -c - -4?
-8
In base 2, what is 10011101100 + 11?
10011101111
In base 4, what is 10 - -1003201?
1003211
In base 10, what is 0 + 59?
59
In base 12, what is -5 - 1882?
-1887
In base 8, what is 23 - 16?
5
In base 11, what is -5a24 - 5?
-5a29
In base 11, what is -26 + 0?
-26
In base 15, what is 38 + 1d?
56
In base 10, what is -1 - 33?
-34
In base 6, what is -2 + -320?
-322
In base 2, what is 100 - -11100000?
11100100
In base 4, what is 221 - 302?
-21
In base 11, what is 1823 - -5?
1828
In base 12, what is 68 + -3?
65
In base 16, what is 1 + -1a?
-19
In base 7, what is 5 - 106?
-101
In base 6, what is 42 + 22?
104
In base 11, what is -12 - -38?
26
In base 15, what is 2a3 - 2?
2a1
In base 15, what is 17c + 0?
17c
In base 8, what is -2 - 206?
-210
In base 4, what is -1000131 + -1?
-1000132
In base 15, what is 4 + 96e?
973
In base 5, what is -100 - 2041?
-2141
In base 5, what is -333 - -3?
-330
In base 7, what is 3534 - -4?
3541
In base 16, what is 4 - -81?
85
In base 12, what is -91 - -2a?
-63
In base 12, what is 4 + -35?
-31
In base 3, what is 12 - -10111020?
10111102
In base 15, what is 22b + -3?
228
In base 2, what is 101001011011011 + -11?
101001011011000
In base 2, what is 101 - -111111?
1000100
In base 14, what is -51 - 7?
-58
In base 3, what is -210 + -1201120?
-1202100
In base 8, what is 6 - -632?
640
In base 3, what is 20022 - -12?
20111
In base 2, what is -1111110 + -10001?
-10001111
In base 14, what is -20 - -a7?
87
In base 7, what is -22 + -232?
-254
In base 5, what is -10 + 33?
23
In base 4, what is 311030 - 0?
311030
In base 16, what is 54 - 3?
51
In base 13, what is b1 - 4a?
64
In base 11, what is 857 + -4?
853
In base 6, what is -55 + 51?
-4
In base 7, what is 1114 - -5?
1122
In base 9, what is -4 + -4178?
-4183
In base 16, what is -14 - f3?
-107
In base 7, what is -6 + 22?
13
In base 2, what is 11 - 11100011?
-11100000
In base 14, what is -1c - -1?
-1b
In base 6, what is 1 - 31312?
-31311
In base 4, what is 21002201 + 3?
21002210
In base 6, what is 3 - -405?
412
In base 2, what is 100001010 - 0?
100001010
In base 5, what is -124 + -10?
-134
In base 10, what is -97 - -15?
-82
In base 6, what is -5 + -20154?
-20203
In base 14, what is -76 - -3?
-73
In base 7, what is -14 - -12?
-2
In base 9, what is -21 + -376?
-407
In base 8, what is -6 - 5?
-13
In base 2, what is 10000111 - 1?
10000110
In base 13, what is -958 - -4?
-954
In base 15, what is -8 + -7?
-10
In base 2, what is -10110 + 1001010?
110100
In base 3, what is 220 - -1?
221
In base 13, what is -13 - 18?
-2b
In base 14, what is 1c1 - 5?
1ba
In base 12, what is 0 - 17?
-17
In base 14, what is -c + -8d?
-9b
In base 4, what is -10 - -303?
233
In base 12, what is 4 - -989?
991
In base 10, what is 79 - 3?
76
In base 12, what is 3a2 - 4?
39a
In base 3, what is 201 - -201202?
202110
In base 9, what is -111 - -3?
-107
In base 14, what is -5 + -253?
-258
In base 10, what is 33 + -4?
29
In base 8, what is 5 - -42?
47
In base 13, what is 3 - -96?
99
In base 15, what is 3 + -3c?
-39
In base 7, what is -6500 + -4?
-6504
In base 4, what is 3323330 - 11?
3323313
In base 11, what is 4 - a74?
-a70
In base 9, what is 10 - -37?
47
In base 16, what is -1 + -239?
-23a
In base 13, what is 15176 + 5?
1517b
In base 2, what is -100011 - 110?
-101001
In base 5, what is 30 + 140?
220
In base 6, what is 340422 - -4?
340430
In base 9, what is 808 - 4?
804
In base 12, what is -19a - -5?
-195
In base 3, what is -111220110 - -2?
-111220101
In base 6, what is -2 - -315?
313
In base 4, what is -200 - 30?
-230
In base 6, what is 5 - 33?
-24
In base 15, what is 5 + 9?
e
In base 11, what is 2 - -920?
922
In base 6, what is 1 - -3513?
3514
In base 3, what is -200 + -1010?
-1210
In base 9, what is -11 - 4?
-15
In base 6, what is 3 + -4?
-1
In base 11, what is -7 + -29?
-35
In base 3, what is 11002212 + 0?
11002212
In base 4, what is 11 - 2203?
-2132
In base 2, what is 10 + -100000011?
-100000001
In base 15, what is 58 + 1?
59
In base 16, what is 5 + -260?
-25b
In base 12, what is 2 + -345?
-343
In base 3, what is 1112 + 1?
1120
In base 13, what is -2 - 45?
-47
In base 14, what is 634 + 5?
639
In base 3, what is -120 - 121?
-1011
In base 8, what is 13 - -7?
22
In base 14, what is 5ad - 4?
5a9
In base 16, what is 3 